{"id":760,"date":"2024-06-01T08:48:28","date_gmt":"2024-06-01T11:48:28","guid":{"rendered":"https:\/\/institutoaja.com\/ead\/?post_type=product&#038;p=760"},"modified":"2025-04-29T11:59:21","modified_gmt":"2025-04-29T14:59:21","slug":"combo-administracao-judicial-aplicada-vol1-e-vol2-ed-2019","status":"publish","type":"product","link":"https:\/\/institutoaja.com\/ead\/product\/combo-administracao-judicial-aplicada-vol1-e-vol2-ed-2019\/","title":{"rendered":"Combo Administra\u00e7\u00e3o Judicial Aplicada Vol1 e Vol2 Ed.2019"},"content":{"rendered":"<p>A literatura brasileira sobre ger\u00eancia, modelos de gest\u00e3o, qualidade total, entre outros, direcionada para o sistema judicial, n\u00e3o apresenta tra\u00e7os espec\u00edficos que possam distingui-la daquela voltada para a Administra\u00e7\u00e3o em geral. Os conceitos apresentados em geral mant\u00eam alto grau de abstra\u00e7\u00e3o e os exemplos de pr\u00e1ticas parecem apenas se aproximar do Direito. N\u00e3o se consegue traduzir para a \u00e1rea jur\u00eddica muitas das ferramentas utilizadas pelos administradores no comando de ind\u00fastrias, empresas e sociedades. Os presentes livros ( vol1 e vol2 ) tem por objetivo fazer essa tradu\u00e7\u00e3o. Permitir que os integrantes do Poder Judici\u00e1rio possam valer-se do instrumental h\u00e1 muito disponibilizado pela ci\u00eancia da Administra\u00e7\u00e3o e que tem sido fator de sucesso em empreendimentos da iniciativa privada. Engana-se quem imagina que o livro se resumir\u00e1 a um compilado de teorias porque, muito mais do que o embasamento te\u00f3rico \u2013 obviamente necess\u00e1rio \u2013 pretende-se fazer refer\u00eancia a boas pr\u00e1ticas e exemplos de sucesso obtidos com a implanta\u00e7\u00e3o do modelo de gest\u00e3o judicial, tanto na esfera federal quanto na estadual. Da conjuga\u00e7\u00e3o do conhecimento de um juiz federal sobre o sistema de justi\u00e7a com a expertise de um executivo com larga experi\u00eancia em empresas privadas nasceu a ideia de implantar o modelo de gest\u00e3o em unidades judici\u00e1rias. Os princ\u00edpios e conceitos do modelo de gest\u00e3o s\u00e3o os mesmos para qualquer ramo do Judici\u00e1rio. Mesmo que as Justi\u00e7as Estadual, Eleitoral, Federal, Militar ou Trabalhista possuam procedimentos espec\u00edficos e normas pr\u00f3prias, o modelo de gest\u00e3o est\u00e1 voltado a lidar com dois elementos nucleares presentes em todas as unidades judici\u00e1rias: pessoas e processos. N\u00e3o apenas ganha o jurisdicionado, mas tamb\u00e9m quem presta a jurisdi\u00e7\u00e3o. O trabalho bem planejado, com prop\u00f3sito e resultados, traz percept\u00edvel incremento na qualidade de vida dos integrantes da Justi\u00e7a, de servidores a magistrados. O melhor aproveitamento do tempo destinado \u00e0 atividade profissional, a possibilidade de conciliar o trabalho com outros afazeres \u2013 de quest\u00f5es acad\u00eamicas a maior dedica\u00e7\u00e3o \u00e0 fam\u00edlia \u2013 e a sensa\u00e7\u00e3o de servi\u00e7o bem feito representam conquistas inestim\u00e1veis. Melhorar a gest\u00e3o da unidade judici\u00e1ria importa em refinar a vida profissional e pessoal.<\/p>\n","protected":false},"excerpt":{"rendered":"<p>A literatura brasileira sobre ger\u00eancia, modelos de gest\u00e3o, qualidade total, entre outros, direcionada para o sistema judicial, n\u00e3o<\/p>\n","protected":false},"featured_media":761,"template":"","meta":{"_joinchat":[]},"product_cat":[26],"product_tag":[],"class_list":["post-760","product","type-product","status-publish","has-post-thumbnail","hentry","product_cat-livros"],"_links":{"self":[{"href":"https:\/\/institutoaja.com\/ead\/wp-json\/wp\/v2\/product\/760","targetHints":{"allow":["GET"]}}],"collection":[{"href":"https:\/\/institutoaja.com\/ead\/wp-json\/wp\/v2\/product"}],"about":[{"href":"https:\/\/institutoaja.com\/ead\/wp-json\/wp\/v2\/types\/product"}],"wp:featuredmedia":[{"embeddable":true,"href":"https:\/\/institutoaja.com\/ead\/wp-json\/wp\/v2\/media\/761"}],"wp:attachment":[{"href":"https:\/\/institutoaja.com\/ead\/wp-json\/wp\/v2\/media?parent=760"}],"wp:term":[{"taxonomy":"product_cat","embeddable":true,"href":"https:\/\/institutoaja.com\/ead\/wp-json\/wp\/v2\/product_cat?post=760"},{"taxonomy":"product_tag","embeddable":true,"href":"https:\/\/institutoaja.com\/ead\/wp-json\/wp\/v2\/product_tag?post=760"}],"curies":[{"name":"wp","href":"https:\/\/api.w.org\/{rel}","templated":true}]}}

Combo Administração Judicial Aplicada Vol1 e Vol2 Ed.2019

<p>A literatura brasileira sobre gerência, modelos de gestão, qualidade total, entre outros, direcionada para o sistema judicial, não apresenta traços específicos que possam distingui-la daquela voltada para a Administração em geral. Os conceitos apresentados em geral mantêm alto grau de abstração e os exemplos de práticas parecem apenas se aproximar do Direito. Não se consegue traduzir para a área jurídica muitas das ferramentas utilizadas pelos administradores no comando de indústrias, empresas e sociedades. Os presentes livros ( vol1 e vol2 ) tem por objetivo fazer essa tradução. Permitir que os integrantes do Poder Judiciário possam valer-se do instrumental há muito disponibilizado pela ciência da Administração e que tem sido fator de sucesso em empreendimentos da iniciativa privada. Engana-se quem imagina que o livro se resumirá a um compilado de teorias porque, muito mais do que o embasamento teórico – obviamente necessário – pretende-se fazer referência a boas práticas e exemplos de sucesso obtidos com a implantação do modelo de gestão judicial, tanto na esfera federal quanto na estadual. Da conjugação do conhecimento de um juiz federal sobre o sistema de justiça com a expertise de um executivo com larga experiência em empresas privadas nasceu a ideia de implantar o modelo de gestão em unidades judiciárias. Os princípios e conceitos do modelo de gestão são os mesmos para qualquer ramo do Judiciário. Mesmo que as Justiças Estadual, Eleitoral, Federal, Militar ou Trabalhista possuam procedimentos específicos e normas próprias, o modelo de gestão está voltado a lidar com dois elementos nucleares presentes em todas as unidades judiciárias: pessoas e processos. Não apenas ganha o jurisdicionado, mas também quem presta a jurisdição. O trabalho bem planejado, com propósito e resultados, traz perceptível incremento na qualidade de vida dos integrantes da Justiça, de servidores a magistrados. O melhor aproveitamento do tempo destinado à atividade profissional, a possibilidade de conciliar o trabalho com outros afazeres – de questões acadêmicas a maior dedicação à família – e a sensação de serviço bem feito representam conquistas inestimáveis. Melhorar a gestão da unidade judiciária importa em refinar a vida profissional e pessoal.</p>

<p>A literatura brasileira sobre gerência, modelos de gestão, qualidade total, entre outros, direcionada para o sistema judicial, não</p>
