{"id":742,"date":"2024-06-01T08:32:10","date_gmt":"2024-06-01T11:32:10","guid":{"rendered":"https:\/\/institutoaja.com\/ead\/?post_type=product&#038;p=742"},"modified":"2025-04-29T12:04:12","modified_gmt":"2025-04-29T15:04:12","slug":"outras-ideias-para-um-novo-tribunal-vol-2","status":"publish","type":"product","link":"https:\/\/institutoaja.com\/ead\/product\/outras-ideias-para-um-novo-tribunal-vol-2\/","title":{"rendered":"Outras ideias para um novo tribunal vol .2"},"content":{"rendered":"<p>O bom planejamento \u00e9 a ess\u00eancia da \u00f3tima execu\u00e7\u00e3o. N\u00e3o h\u00e1 d\u00favida de que sempre haver\u00e1 percal\u00e7os quando se executam projetos, talvez porque a falibilidade humana est\u00e1 sempre rondando e porque nunca se consegue afastar algum grau de incerteza, de meios e resultados, na elabora\u00e7\u00e3o do plano. De qualquer forma, n\u00e3o se deve abrir m\u00e3o do planejamento. Tudo isso est\u00e1 sendo dito em raz\u00e3o do grande projeto que est\u00e1 em curso: a cria\u00e7\u00e3o e implanta\u00e7\u00e3o do Tribunal Regional Federal da 6\u00aa Regi\u00e3o. Desejo e necessidade antigos, o tribunal tem por finalidade trazer presta\u00e7\u00e3o jurisdicional mais eficiente e eficaz ao povo mineiro. A origem e finalidade desta obra reside na tentativa de contribuir para o aprimoramento do servi\u00e7o judicial que ser\u00e1 por ele prestado.<br \/>\n\u2800\u2800\u2800\u2800\u2800\u2800\u2800\u2800\u2800A colet\u00e2nea de artigos tem palco no Mestrado Profissional da Escola Nacional de Formac\u0327a\u0303o e Aperfeic\u0327oamento de Magistrados Ministro Sa\u0301lvio de Figueiredo Teixeira (ENFAM), mais especificamente na disciplina Administra\u00e7\u00e3o Judicial Aplicada (AJA). Se o mestrado da ENFAM tem o objetivo de possibilitar que seus alunos desenvolvam compete\u0302ncias em Direito, Gesta\u0303o Judicia\u0301ria e Tratamento de Conflitos, visando ao alto desempenho em suas func\u0327o\u0303es estrate\u0301gicas na administrac\u0327a\u0303o dos o\u0301rga\u0303os do Poder Judicia\u0301rio e na prestac\u0327a\u0303o jurisdicional [1] nada melhor do que dele se valer para repensar o Judici\u00e1rio.<br \/>\nE talvez n\u00e3o haja melhor momento de reflex\u00e3o do que esse in\u00e9dito processo de cria\u00e7\u00e3o de tribunal na Justi\u00e7a Federal.<br \/>\n\u2800\u2800\u2800\u2800\u2800\u2800\u2800\u2800\u2800A obra que se apresenta ao leitor surge da conflu\u00eancia desses dois eventos. Visa a fornecer subs\u00eddios \u00e0 implanta\u00e7\u00e3o do Tribunal Regional Federal da 6\u00aa Regi\u00e3o por meio de conhecimento desenvolvido no Mestrado Profissional da ENFAM. Se o processo de cria\u00e7\u00e3o do TRF6 seguiu procedimento in\u00e9dito, este livro n\u00e3o \u00e9 t\u00e3o in\u00e9dito assim. Na verdade, trata-se do segundo volume que surge da disciplina AJA, com o intuito de fornecer ideias adicionais<br \/>\npara o novo tribunal.<br \/>\n\u2800\u2800\u2800\u2800\u2800\u2800\u2800\u2800\u2800Como no volume I, este livro foi elaborado por magistrado(a)s estaduais e federais participantes da disciplina do mestrado, o(a)s quais, ao longo do semestre, discutiram quest\u00f5es atinentes ao aprimoramento do Poder Judici\u00e1rio brasileiro por meio da gest\u00e3o, e como isso poderia ser direcionado ao \u00eaxito do funcionamento do Tribunal Regional Federal da 6\u00aa Regi\u00e3o. Ideias sofisticadas e singelas \u2013 ser simples \u00e9 muito dif\u00edcil \u2013 s\u00e3o apresentadas por magistrado(a)s dedicado(a)s, preocupado(a)s com a causa da justi\u00e7a e disposto(a)s a contribuir para que se edifique tribunal de vanguarda.<br \/>\n\u2800\u2800\u2800\u2800\u2800\u2800\u2800\u2800\u2800Dividiu-se a obra em tr\u00eas grandes temas: gest\u00e3o da rotina, gest\u00e3o de pessoas e gest\u00e3o da inova\u00e7\u00e3o. Na rotina, situam-se as quest\u00f5es atinentes ao fluxo de processos, gest\u00e3o de acervo e organiza\u00e7\u00e3o de unidades judici\u00e1rias. A gest\u00e3o de pessoas cuida daquilo que<br \/>\nrepresenta o maior valor que o Judici\u00e1rio brasileiro possui \u2013 seus qualificados integrantes \u2013 e como podem trabalhar em ambiente saud\u00e1vel de forma a extrair todo potencial. J\u00e1 a gest\u00e3o da inova\u00e7\u00e3o, que conta com o maior n\u00famero de contribui\u00e7\u00f5es, representa o Judici\u00e1rio visto<br \/>\npela luneta, de como estar\u00e1 adiante, n\u00e3o s\u00f3 pelo uso da tecnologia, mas pelo emprego de medidas in\u00e9ditas voltadas \u00e0 busca de efici\u00eancia e efic\u00e1cia.<br \/>\n\u2800\u2800\u2800\u2800\u2800\u2800\u2800\u2800\u2800 Espera-se que as ideias, os planos aqui contidos sejam combust\u00edvel para que o novo tribunal possa conduzir-se pelo caminho da boa gest\u00e3o<\/p>\n","protected":false},"excerpt":{"rendered":"<p>O bom planejamento \u00e9 a ess\u00eancia da \u00f3tima execu\u00e7\u00e3o. N\u00e3o h\u00e1 d\u00favida de que sempre haver\u00e1 percal\u00e7os quando<\/p>\n","protected":false},"featured_media":743,"template":"","meta":{"_joinchat":[]},"product_cat":[26],"product_tag":[],"class_list":["post-742","product","type-product","status-publish","has-post-thumbnail","hentry","product_cat-livros"],"_links":{"self":[{"href":"https:\/\/institutoaja.com\/ead\/wp-json\/wp\/v2\/product\/742","targetHints":{"allow":["GET"]}}],"collection":[{"href":"https:\/\/institutoaja.com\/ead\/wp-json\/wp\/v2\/product"}],"about":[{"href":"https:\/\/institutoaja.com\/ead\/wp-json\/wp\/v2\/types\/product"}],"wp:featuredmedia":[{"embeddable":true,"href":"https:\/\/institutoaja.com\/ead\/wp-json\/wp\/v2\/media\/743"}],"wp:attachment":[{"href":"https:\/\/institutoaja.com\/ead\/wp-json\/wp\/v2\/media?parent=742"}],"wp:term":[{"taxonomy":"product_cat","embeddable":true,"href":"https:\/\/institutoaja.com\/ead\/wp-json\/wp\/v2\/product_cat?post=742"},{"taxonomy":"product_tag","embeddable":true,"href":"https:\/\/institutoaja.com\/ead\/wp-json\/wp\/v2\/product_tag?post=742"}],"curies":[{"name":"wp","href":"https:\/\/api.w.org\/{rel}","templated":true}]}}

<p>O bom planejamento é a essência da ótima execução. Não há dúvida de que sempre haverá percalços quando se executam projetos, talvez porque a falibilidade humana está sempre rondando e porque nunca se consegue afastar algum grau de incerteza, de meios e resultados, na elaboração do plano. De qualquer forma, não se deve abrir mão do planejamento. Tudo isso está sendo dito em razão do grande projeto que está em curso: a criação e implantação do Tribunal Regional Federal da 6ª Região. Desejo e necessidade antigos, o tribunal tem por finalidade trazer prestação jurisdicional mais eficiente e eficaz ao povo mineiro. A origem e finalidade desta obra reside na tentativa de contribuir para o aprimoramento do serviço judicial que será por ele prestado.<br />
⠀⠀⠀⠀⠀⠀⠀⠀⠀A coletânea de artigos tem palco no Mestrado Profissional da Escola Nacional de Formação e Aperfeiçoamento de Magistrados Ministro Sálvio de Figueiredo Teixeira (ENFAM), mais especificamente na disciplina Administração Judicial Aplicada (AJA). Se o mestrado da ENFAM tem o objetivo de possibilitar que seus alunos desenvolvam competências em Direito, Gestão Judiciária e Tratamento de Conflitos, visando ao alto desempenho em suas funções estratégicas na administração dos órgãos do Poder Judiciário e na prestação jurisdicional [1] nada melhor do que dele se valer para repensar o Judiciário.<br />
E talvez não haja melhor momento de reflexão do que esse inédito processo de criação de tribunal na Justiça Federal.<br />
⠀⠀⠀⠀⠀⠀⠀⠀⠀A obra que se apresenta ao leitor surge da confluência desses dois eventos. Visa a fornecer subsídios à implantação do Tribunal Regional Federal da 6ª Região por meio de conhecimento desenvolvido no Mestrado Profissional da ENFAM. Se o processo de criação do TRF6 seguiu procedimento inédito, este livro não é tão inédito assim. Na verdade, trata-se do segundo volume que surge da disciplina AJA, com o intuito de fornecer ideias adicionais<br />
para o novo tribunal.<br />
⠀⠀⠀⠀⠀⠀⠀⠀⠀Como no volume I, este livro foi elaborado por magistrado(a)s estaduais e federais participantes da disciplina do mestrado, o(a)s quais, ao longo do semestre, discutiram questões atinentes ao aprimoramento do Poder Judiciário brasileiro por meio da gestão, e como isso poderia ser direcionado ao êxito do funcionamento do Tribunal Regional Federal da 6ª Região. Ideias sofisticadas e singelas – ser simples é muito difícil – são apresentadas por magistrado(a)s dedicado(a)s, preocupado(a)s com a causa da justiça e disposto(a)s a contribuir para que se edifique tribunal de vanguarda.<br />
⠀⠀⠀⠀⠀⠀⠀⠀⠀Dividiu-se a obra em três grandes temas: gestão da rotina, gestão de pessoas e gestão da inovação. Na rotina, situam-se as questões atinentes ao fluxo de processos, gestão de acervo e organização de unidades judiciárias. A gestão de pessoas cuida daquilo que<br />
representa o maior valor que o Judiciário brasileiro possui – seus qualificados integrantes – e como podem trabalhar em ambiente saudável de forma a extrair todo potencial. Já a gestão da inovação, que conta com o maior número de contribuições, representa o Judiciário visto<br />
pela luneta, de como estará adiante, não só pelo uso da tecnologia, mas pelo emprego de medidas inéditas voltadas à busca de eficiência e eficácia.<br />
⠀⠀⠀⠀⠀⠀⠀⠀⠀ Espera-se que as ideias, os planos aqui contidos sejam combustível para que o novo tribunal possa conduzir-se pelo caminho da boa gestão</p>

<p>O bom planejamento é a essência da ótima execução. Não há dúvida de que sempre haverá percalços quando</p>
