{"id":734,"date":"2024-05-31T09:12:54","date_gmt":"2024-05-31T12:12:54","guid":{"rendered":"https:\/\/institutoaja.com\/ead\/?post_type=product&#038;p=734"},"modified":"2025-04-29T12:05:21","modified_gmt":"2025-04-29T15:05:21","slug":"14-ferramentas","status":"publish","type":"product","link":"https:\/\/institutoaja.com\/ead\/product\/14-ferramentas\/","title":{"rendered":"14 Ferramentas de Gest\u00e3o para o Judici\u00e1rio"},"content":{"rendered":"<p><strong>Autores:<\/strong><\/p>\n<p>Arthur Napole\u00e3o Teixeira Filho:<br \/>\nMestre em Psicologia, Mestrando em Direito e Poder Judici\u00e1rio na ENFAM, Juiz Federal do TRF5<\/p>\n<p>B\u00e1rbara Livio:<br \/>\nMestre em Direitos Humanos, Interculturalidade e Desenvolvimento pela Universidade Pablo de Olavide. Mestranda em Direito e Poder Judici\u00e1rio na ENFAM, Ju\u00edza de Direito do Tribunal de Justi\u00e7a de Minas Gerais.<\/p>\n<p>Carlos Henrique Borlido Haddad:<br \/>\nP\u00f3s-doutor pela Universidade de Michigan, Professor Associado da UFMG e do Mestrado em Direito e Poder Judici\u00e1rio da ENFAM, Juiz Federal do TRF6.<\/p>\n<p>Daniel Damasceno Amorim Douglas:<br \/>\nMestrando em Direito e Poder Judici\u00e1rio na ENFAM, Juiz de Direito do Tribunal de Justi\u00e7a de Roraima.<\/p>\n<p>Ferdinando Marco Gomes Serejo Souza:<br \/>\nMestrando em Direito e Poder Judici\u00e1rio na ENFAM, Juiz de Direito do Tribunal de Justi\u00e7a do Maranh\u00e3o.<\/p>\n<p>Jaqueline Reis Caracas:<br \/>\nMestranda em Direito e Poder Judici\u00e1rio na ENFAM, Ju\u00edza de Direito do Tribunal de Justi\u00e7a do Maranh\u00e3o.<\/p>\n<p>Jayder Ramos de Ara\u00fajo:<br \/>\nMestrando em Direito e Poder Judici\u00e1rio na ENFAM, Juiz de Direito do Tribunal de Justi\u00e7a do Distrito Federal e Territ\u00f3rios.<\/p>\n<p>Jos\u00e9 Luis Luvisetto Terra:<br \/>\nMestrando em Direito e Poder Judici\u00e1rio na ENFAM, Juiz Federal do Tribunal TRF4.<\/p>\n<p>Mariana Marinho Machado:<br \/>\nMestranda em Direito e Poder Judici\u00e1rio na ENFAM, Ju\u00edza de Direito do Tribunal de Justi\u00e7a do Piau\u00ed.<\/p>\n<p>Melyna Machado Mescouto Fialho:<br \/>\nMestre em Direito e Poder Judici\u00e1rio na ENFAM, Ju\u00edza de Direito do Tribunal de Justi\u00e7a do Mato Grosso do Sul.<\/p>\n<p>Monique Ribeiro de Carvalho Gomes:<br \/>\nMestre em Seguran\u00e7a P\u00fablica, Justi\u00e7a e Cidadania pela UFBA, Mestranda em Direito e Poder Judici\u00e1rio na ENFAM, Ju\u00edza de Direito do Tribunal de Justi\u00e7a da Bahia.<\/p>\n<p>Priscila Lopes da Silveira:<br \/>\nMestranda em Direito e Poder Judici\u00e1rio na ENFAM, Ju\u00edza de Direito do Tribunal de Justi\u00e7a de Goi\u00e1s.<\/p>\n<p>Priscila Vasconcelos Areal Cabral Farias Patriota:<br \/>\nMestranda em Direito e Poder Judici\u00e1rio na ENFAM, Ju\u00edza de Direito do Tribunal de Justi\u00e7a de Pernambuco.<\/p>\n<p>Vitor Umbelino Soares Junior:<br \/>\nMestre em Direitos Humanos pela Universidade Federal de Goi\u00e1s, Mestrando em Direito e Poder Judici\u00e1rio na ENFAM, Professor do curso de Direito da Faculdade Cat\u00f3lica de An\u00e1polis\/GO, Juiz de Direito do Tribunal de Justi\u00e7a de Goi\u00e1s.<\/p>\n<p><strong>Organizadores:<\/strong><\/p>\n<p>Carlos Henrique Borlido Haddad<br \/>\ne Lu\u00eds Ant\u00f4nio Capanema Pedrosa<\/p>\n<p>&nbsp;<\/p>\n<p>&nbsp;<\/p>\n","protected":false},"excerpt":{"rendered":"<p>Autores: Arthur Napole\u00e3o Teixeira Filho: Mestre em Psicologia, Mestrando em Direito e Poder Judici\u00e1rio na ENFAM, Juiz Federal<\/p>\n","protected":false},"featured_media":737,"template":"","meta":{"_joinchat":[]},"product_cat":[26],"product_tag":[],"class_list":["post-734","product","type-product","status-publish","has-post-thumbnail","hentry","product_cat-livros"],"_links":{"self":[{"href":"https:\/\/institutoaja.com\/ead\/wp-json\/wp\/v2\/product\/734","targetHints":{"allow":["GET"]}}],"collection":[{"href":"https:\/\/institutoaja.com\/ead\/wp-json\/wp\/v2\/product"}],"about":[{"href":"https:\/\/institutoaja.com\/ead\/wp-json\/wp\/v2\/types\/product"}],"wp:featuredmedia":[{"embeddable":true,"href":"https:\/\/institutoaja.com\/ead\/wp-json\/wp\/v2\/media\/737"}],"wp:attachment":[{"href":"https:\/\/institutoaja.com\/ead\/wp-json\/wp\/v2\/media?parent=734"}],"wp:term":[{"taxonomy":"product_cat","embeddable":true,"href":"https:\/\/institutoaja.com\/ead\/wp-json\/wp\/v2\/product_cat?post=734"},{"taxonomy":"product_tag","embeddable":true,"href":"https:\/\/institutoaja.com\/ead\/wp-json\/wp\/v2\/product_tag?post=734"}],"curies":[{"name":"wp","href":"https:\/\/api.w.org\/{rel}","templated":true}]}}