{"id":511,"date":"2023-08-02T14:10:04","date_gmt":"2023-08-02T17:10:04","guid":{"rendered":"https:\/\/ead.siteninjapro.com\/product\/adobe-illustrator-avancado\/"},"modified":"2024-06-29T09:00:16","modified_gmt":"2024-06-29T12:00:16","slug":"adobe-illustrator-avancado","status":"publish","type":"product","link":"https:\/\/institutoaja.com\/ead\/product\/adobe-illustrator-avancado\/","title":{"rendered":"Jornada AJA &#8211; Etapa 1 &#8211; Necessidade de Gest\u00e3o"},"content":{"rendered":"<p>Na etapa 1 vamos abordar os elementos do Modelo de Gest\u00e3o, uma nova vis\u00e3o de como organizar e gerir a unidade judici\u00e1ria. Afinal, antes de mais nada, \u00e9 bom saber em que situa\u00e7\u00e3o nos encontramos. O diagn\u00f3stico da unidade judici\u00e1ria \u00e9 fundamental para se saber quanto ser\u00e1 preciso andar at\u00e9 aonde queremos chegar. O conhecimento dado pelo diagn\u00f3stico de sua unidade e o conceito do modelo de gest\u00e3o podem ajudar no fluxo de trabalho para melhorar nossa efici\u00eancia.<\/p>\n<p>Tamb\u00e9m iremos discorrer sobre os elementos da Melhoria Cont\u00ednua. Mais do que uma t\u00e9cnica ou ferramenta, a melhoria cont\u00ednua \u00e9 uma filosofia, segundo a qual tudo pode ser aprimorado, por melhor que esteja. Al\u00e9m disso, breves refer\u00eancias \u00e0 tecnologia, ao benchmarking e boas pr\u00e1ticas ser\u00e3o feitas, no intuito de demonstrar que o trabalho no Poder Judici\u00e1rio pode ser mais eficaz quando temos refer\u00eancias para seguir.<\/p>\n<p>Por fim, vamos conversar sobre os elementos relacionados \u00e0 Gest\u00e3o da Rotina. N\u00e3o h\u00e1 d\u00favida de que a atividade na Justi\u00e7a \u00e9 essencialmente rotineira: fazer senten\u00e7as, atender partes e advogados, realizar audi\u00eancias etc. Ser\u00e1 mostrado como o conhecimento do acervo e da natureza das demandas pode ajudar na gest\u00e3o do fluxo de trabalho para melhorar nossa efici\u00eancia. Saber lidar com prioridades, considerando as muitas rotinas existentes, torna-se essencial.<\/p>\n","protected":false},"excerpt":{"rendered":"<p>Nos \u00faltimos anos, o Poder Judici\u00e1rio acordou para a necessidade de melhorar seus m\u00e9todos gerenciais de processos. Parte da solu\u00e7\u00e3o passa por uma melhor e mais eficaz gest\u00e3o de recursos (humanos, materiais e dos processos). A Jornada AJA tem a inten\u00e7\u00e3o de mostrar como isso pode ser feito. Venha conosco nesta jornada!<\/p>\n","protected":false},"featured_media":508,"template":"","meta":{"_joinchat":[]},"product_cat":[15],"product_tag":[],"class_list":["post-511","product","type-product","status-publish","has-post-thumbnail","hentry","product_cat-todos-os-cursos"],"_links":{"self":[{"href":"https:\/\/institutoaja.com\/ead\/wp-json\/wp\/v2\/product\/511","targetHints":{"allow":["GET"]}}],"collection":[{"href":"https:\/\/institutoaja.com\/ead\/wp-json\/wp\/v2\/product"}],"about":[{"href":"https:\/\/institutoaja.com\/ead\/wp-json\/wp\/v2\/types\/product"}],"wp:featuredmedia":[{"embeddable":true,"href":"https:\/\/institutoaja.com\/ead\/wp-json\/wp\/v2\/media\/508"}],"wp:attachment":[{"href":"https:\/\/institutoaja.com\/ead\/wp-json\/wp\/v2\/media?parent=511"}],"wp:term":[{"taxonomy":"product_cat","embeddable":true,"href":"https:\/\/institutoaja.com\/ead\/wp-json\/wp\/v2\/product_cat?post=511"},{"taxonomy":"product_tag","embeddable":true,"href":"https:\/\/institutoaja.com\/ead\/wp-json\/wp\/v2\/product_tag?post=511"}],"curies":[{"name":"wp","href":"https:\/\/api.w.org\/{rel}","templated":true}]}}

Jornada AJA &#8211; Etapa 1 &#8211; Necessidade de Gestão

<p>Na etapa 1 vamos abordar os elementos do Modelo de Gestão, uma nova visão de como organizar e gerir a unidade judiciária. Afinal, antes de mais nada, é bom saber em que situação nos encontramos. O diagnóstico da unidade judiciária é fundamental para se saber quanto será preciso andar até aonde queremos chegar. O conhecimento dado pelo diagnóstico de sua unidade e o conceito do modelo de gestão podem ajudar no fluxo de trabalho para melhorar nossa eficiência.</p>
<p>Também iremos discorrer sobre os elementos da Melhoria Contínua. Mais do que uma técnica ou ferramenta, a melhoria contínua é uma filosofia, segundo a qual tudo pode ser aprimorado, por melhor que esteja. Além disso, breves referências à tecnologia, ao benchmarking e boas práticas serão feitas, no intuito de demonstrar que o trabalho no Poder Judiciário pode ser mais eficaz quando temos referências para seguir.</p>
<p>Por fim, vamos conversar sobre os elementos relacionados à Gestão da Rotina. Não há dúvida de que a atividade na Justiça é essencialmente rotineira: fazer sentenças, atender partes e advogados, realizar audiências etc. Será mostrado como o conhecimento do acervo e da natureza das demandas pode ajudar na gestão do fluxo de trabalho para melhorar nossa eficiência. Saber lidar com prioridades, considerando as muitas rotinas existentes, torna-se essencial.</p>

<p>Nos últimos anos, o Poder Judiciário acordou para a necessidade de melhorar seus métodos gerenciais de processos. Parte da solução passa por uma melhor e mais eficaz gestão de recursos (humanos, materiais e dos processos). A Jornada AJA tem a intenção de mostrar como isso pode ser feito. Venha conosco nesta jornada!</p>
