{"id":114,"date":"2023-07-28T12:52:52","date_gmt":"2023-07-28T15:52:52","guid":{"rendered":"https:\/\/ead.siteninjapro.com\/?post_type=product&#038;p=114"},"modified":"2024-06-29T09:01:43","modified_gmt":"2024-06-29T12:01:43","slug":"dominando-o-photoshop-do-iniciante-ao-avancado","status":"publish","type":"product","link":"https:\/\/institutoaja.com\/ead\/product\/dominando-o-photoshop-do-iniciante-ao-avancado\/","title":{"rendered":"Jornada AJA &#8211; Etapa 2 &#8211; Modelo de Gest\u00e3o"},"content":{"rendered":"<p>Nesta etapa nos aprofundaremos nos conhecimentos sobre lideran\u00e7a, uma vez que\u00a0 eles s\u00e3o indispens\u00e1veis para o desenvolvimento dos trabalhos na unidade. Afinal, um bom l\u00edder \u00e9 capaz de engajar a equipe, diminuir conflitos e propiciar melhor qualidade de vida profissional.<\/p>\n<p>Tamb\u00e9m conversaremos sobre gest\u00e3o de pessoas, tema essencial para todo gestor. Com as ferramentas que disponibilizaremos ao longo do curso voc\u00ea ser\u00e1 capaz de identificar e aprimorar a gest\u00e3o de sua equipe.<\/p>\n<p>Por fim, abordaremos dois temas muito relevantes: Comunica\u00e7\u00e3o e Gest\u00e3o do Conhecimento. Muitos problemas que ocorrem em organiza\u00e7\u00f5es p\u00fablicas e privadas se devem a ru\u00eddos e falhas na comunica\u00e7\u00e3o. Por sua vez, em sendo trabalhadores do conhecimento, os integrantes do Judici\u00e1rio precisam desenvolver mecanismos para bem gerir dados e informa\u00e7\u00f5es relacionados ao seu trabalho.<\/p>\n<p>Cada aula \u00e9 composta por uma reflex\u00e3o, seguida de videoaula com os respectivos slides, indica\u00e7\u00f5es de leitura e atividades, garantindo que todo o conte\u00fado seja bem assimilado.<\/p>\n<p>Venha conosco nessa Jornada!<\/p>\n","protected":false},"excerpt":{"rendered":"<p>Na etapa 2 da Jornada do AJA nos aprofundaremos nos temas relacionados \u00e0 gest\u00e3o de pessoas. O exerc\u00edcio da lideran\u00e7a na presta\u00e7\u00e3o do servi\u00e7o judicial e no comando da equipe, a gest\u00e3o de conflitos, a busca por melhor clima organizacional e qualidade de vida no trabalho s\u00e3o os pontos fortes de estudo. \u00a0Venha conosco nesta jornada!<\/p>\n","protected":false},"featured_media":42,"template":"","meta":{"_joinchat":[]},"product_cat":[15],"product_tag":[],"class_list":["post-114","product","type-product","status-publish","has-post-thumbnail","hentry","product_cat-todos-os-cursos"],"_links":{"self":[{"href":"https:\/\/institutoaja.com\/ead\/wp-json\/wp\/v2\/product\/114","targetHints":{"allow":["GET"]}}],"collection":[{"href":"https:\/\/institutoaja.com\/ead\/wp-json\/wp\/v2\/product"}],"about":[{"href":"https:\/\/institutoaja.com\/ead\/wp-json\/wp\/v2\/types\/product"}],"wp:featuredmedia":[{"embeddable":true,"href":"https:\/\/institutoaja.com\/ead\/wp-json\/wp\/v2\/media\/42"}],"wp:attachment":[{"href":"https:\/\/institutoaja.com\/ead\/wp-json\/wp\/v2\/media?parent=114"}],"wp:term":[{"taxonomy":"product_cat","embeddable":true,"href":"https:\/\/institutoaja.com\/ead\/wp-json\/wp\/v2\/product_cat?post=114"},{"taxonomy":"product_tag","embeddable":true,"href":"https:\/\/institutoaja.com\/ead\/wp-json\/wp\/v2\/product_tag?post=114"}],"curies":[{"name":"wp","href":"https:\/\/api.w.org\/{rel}","templated":true}]}}

Jornada AJA &#8211; Etapa 2 &#8211; Modelo de Gestão

<p>Nesta etapa nos aprofundaremos nos conhecimentos sobre liderança, uma vez que  eles são indispensáveis para o desenvolvimento dos trabalhos na unidade. Afinal, um bom líder é capaz de engajar a equipe, diminuir conflitos e propiciar melhor qualidade de vida profissional.</p>
<p>Também conversaremos sobre gestão de pessoas, tema essencial para todo gestor. Com as ferramentas que disponibilizaremos ao longo do curso você será capaz de identificar e aprimorar a gestão de sua equipe.</p>
<p>Por fim, abordaremos dois temas muito relevantes: Comunicação e Gestão do Conhecimento. Muitos problemas que ocorrem em organizações públicas e privadas se devem a ruídos e falhas na comunicação. Por sua vez, em sendo trabalhadores do conhecimento, os integrantes do Judiciário precisam desenvolver mecanismos para bem gerir dados e informações relacionados ao seu trabalho.</p>
<p>Cada aula é composta por uma reflexão, seguida de videoaula com os respectivos slides, indicações de leitura e atividades, garantindo que todo o conteúdo seja bem assimilado.</p>
<p>Venha conosco nessa Jornada!</p>

<p>Na etapa 2 da Jornada do AJA nos aprofundaremos nos temas relacionados à gestão de pessoas. O exercício da liderança na prestação do serviço judicial e no comando da equipe, a gestão de conflitos, a busca por melhor clima organizacional e qualidade de vida no trabalho são os pontos fortes de estudo.  Venha conosco nesta jornada!</p>
